{"id":445,"date":"2024-07-05T11:45:39","date_gmt":"2024-07-05T10:45:39","guid":{"rendered":"https:\/\/cu4trobikes.es\/?post_type=product&#038;p=445"},"modified":"2026-04-24T16:03:08","modified_gmt":"2026-04-24T15:03:08","slug":"madone-sl-6-gen-8","status":"publish","type":"product","link":"https:\/\/cu4trobikes.es\/index.php\/producto\/madone-sl-6-gen-8\/","title":{"rendered":"Madone SL 6 Gen 8"},"content":{"rendered":"<p>La Madone SL 6 Gen 8 es una bicicleta de carretera ligera y aerodin\u00e1mica que permite disfrutar de la tecnolog\u00eda de alta competici\u00f3n a un precio m\u00e1s asequible, gracias a su composici\u00f3n de carbono OCLV 500 m\u00e1s econ\u00f3mico que la de la versi\u00f3n SLR. El grupo electr\u00f3nico Shimano 105 Di2 te ofrece un cambio electr\u00f3nico incre\u00edblemente r\u00e1pido junto con un manillar de aluminio para mantener el precio reducido. Y, a todo lo anterior, hay que a\u00f1adir unas ruedas de carbono extremadamente ligeras que te permiten obtener el m\u00e1ximo rendimiento.<\/p>\n<p>Una vez enviado el producto no se aceptan cambios ni devoluciones.<\/p>\n","protected":false},"excerpt":{"rendered":"<p>La Madone SL 6 Gen 8 es una bicicleta de carretera ligera y aerodin\u00e1mica que permite disfrutar de la tecnolog\u00eda de alta competici\u00f3n a un precio m\u00e1s asequible, gracias a su composici\u00f3n de carbono OCLV 500 m\u00e1s econ\u00f3mico que la de la versi\u00f3n SLR. El grupo electr\u00f3nico Shimano 105 Di2 te ofrece un cambio electr\u00f3nico &hellip;<\/p>\n<p class=\"read-more\"> <a class=\"\" href=\"https:\/\/cu4trobikes.es\/index.php\/producto\/madone-sl-6-gen-8\/\"> <span class=\"screen-reader-text\">Madone SL 6 Gen 8<\/span> Leer m\u00e1s &raquo;<\/a><\/p>\n","protected":false},"featured_media":1604,"comment_status":"open","ping_status":"closed","template":"","meta":{"_uag_custom_page_level_css":"","site-sidebar-layout":"default","site-content-layout":"","ast-site-content-layout":"default","site-content-style":"default","site-sidebar-style":"default","ast-global-header-display":"","ast-banner-title-visibility":"","ast-main-header-display":"","ast-hfb-above-header-display":"","ast-hfb-below-header-display":"","ast-hfb-mobile-header-display":"","site-post-title":"","ast-breadcrumbs-content":"","ast-featured-img":"","footer-sml-layout":"","theme-transparent-header-meta":"default","adv-header-id-meta":"","stick-header-meta":"","header-above-stick-meta":"","header-main-stick-meta":"","header-below-stick-meta":"","astra-migrate-meta-layouts":"set","ast-page-background-enabled":"default","ast-page-background-meta":{"desktop":{"background-color":"var(--ast-global-color-4)","background-image":"","background-repeat":"repeat","background-position":"center center","background-size":"auto","background-attachment":"scroll","background-type":"","background-media":"","overlay-type":"","overlay-color":"","overlay-gradient":""},"tablet":{"background-color":"","background-image":"","background-repeat":"repeat","background-position":"center center","background-size":"auto","background-attachment":"scroll","background-type":"","background-media":"","overlay-type":"","overlay-color":"","overlay-gradient":""},"mobile":{"background-color":"","background-image":"","background-repeat":"repeat","background-position":"center center","background-size":"auto","background-attachment":"scroll","background-type":"","background-media":"","overlay-type":"","overlay-color":"","overlay-gradient":""}},"ast-content-background-meta":{"desktop":{"background-color":"var(--ast-global-color-5)","background-image":"","background-repeat":"repeat","background-position":"center center","background-size":"auto","background-attachment":"scroll","background-type":"","background-media":"","overlay-type":"","overlay-color":"","overlay-gradient":""},"tablet":{"background-color":"var(--ast-global-color-5)","background-image":"","background-repeat":"repeat","background-position":"center center","background-size":"auto","background-attachment":"scroll","background-type":"","background-media":"","overlay-type":"","overlay-color":"","overlay-gradient":""},"mobile":{"background-color":"var(--ast-global-color-5)","background-image":"","background-repeat":"repeat","background-position":"center center","background-size":"auto","background-attachment":"scroll","background-type":"","background-media":"","overlay-type":"","overlay-color":"","overlay-gradient":""}}},"product_cat":[23],"product_tag":[],"class_list":{"0":"post-445","1":"product","2":"type-product","3":"status-publish","4":"has-post-thumbnail","6":"product_cat-carretera","7":"product_shipping_class-bicicletas","8":"desktop-align-center","9":"tablet-align-left","10":"mobile-align-left","12":"first","13":"onbackorder","14":"shipping-taxable","15":"purchasable","16":"product-type-simple"},"uagb_featured_image_src":{"full":["https:\/\/cu4trobikes.es\/wp-content\/uploads\/2026\/02\/MadoneSL5-26-57653-C-Primary-1.avif",1920,1440,false],"thumbnail":["https:\/\/cu4trobikes.es\/wp-content\/uploads\/2026\/02\/MadoneSL5-26-57653-C-Primary-1-150x150.avif",150,150,true],"medium":["https:\/\/cu4trobikes.es\/wp-content\/uploads\/2026\/02\/MadoneSL5-26-57653-C-Primary-1-300x225.avif",300,225,true],"medium_large":["https:\/\/cu4trobikes.es\/wp-content\/uploads\/2026\/02\/MadoneSL5-26-57653-C-Primary-1-768x576.avif",768,576,true],"large":["https:\/\/cu4trobikes.es\/wp-content\/uploads\/2026\/02\/MadoneSL5-26-57653-C-Primary-1-1024x768.avif",1024,768,true],"1536x1536":["https:\/\/cu4trobikes.es\/wp-content\/uploads\/2026\/02\/MadoneSL5-26-57653-C-Primary-1-1536x1152.avif",1536,1152,true],"2048x2048":["https:\/\/cu4trobikes.es\/wp-content\/uploads\/2026\/02\/MadoneSL5-26-57653-C-Primary-1.avif",1920,1440,false],"woocommerce_thumbnail":["https:\/\/cu4trobikes.es\/wp-content\/uploads\/2026\/02\/MadoneSL5-26-57653-C-Primary-1-300x225.avif",300,225,true],"woocommerce_single":["https:\/\/cu4trobikes.es\/wp-content\/uploads\/2026\/02\/MadoneSL5-26-57653-C-Primary-1-600x450.avif",600,450,true],"woocommerce_gallery_thumbnail":["https:\/\/cu4trobikes.es\/wp-content\/uploads\/2026\/02\/MadoneSL5-26-57653-C-Primary-1-100x100.avif",100,100,true]},"uagb_author_info":{"display_name":"hectordh","author_link":"https:\/\/cu4trobikes.es\/index.php\/author\/"},"uagb_comment_info":0,"uagb_excerpt":"La Madone SL 6 Gen 8 es una bicicleta de carretera ligera y aerodin\u00e1mica que permite disfrutar de la tecnolog\u00eda de alta competici\u00f3n a un precio m\u00e1s asequible, gracias a su composici\u00f3n de carbono OCLV 500 m\u00e1s econ\u00f3mico que la de la versi\u00f3n SLR. El grupo electr\u00f3nico Shimano 105 Di2 te ofrece un cambio electr\u00f3nico&hellip;","_links":{"self":[{"href":"https:\/\/cu4trobikes.es\/index.php\/wp-json\/wp\/v2\/product\/445","targetHints":{"allow":["GET"]}}],"collection":[{"href":"https:\/\/cu4trobikes.es\/index.php\/wp-json\/wp\/v2\/product"}],"about":[{"href":"https:\/\/cu4trobikes.es\/index.php\/wp-json\/wp\/v2\/types\/product"}],"replies":[{"embeddable":true,"href":"https:\/\/cu4trobikes.es\/index.php\/wp-json\/wp\/v2\/comments?post=445"}],"wp:featuredmedia":[{"embeddable":true,"href":"https:\/\/cu4trobikes.es\/index.php\/wp-json\/wp\/v2\/media\/1604"}],"wp:attachment":[{"href":"https:\/\/cu4trobikes.es\/index.php\/wp-json\/wp\/v2\/media?parent=445"}],"wp:term":[{"taxonomy":"product_cat","embeddable":true,"href":"https:\/\/cu4trobikes.es\/index.php\/wp-json\/wp\/v2\/product_cat?post=445"},{"taxonomy":"product_tag","embeddable":true,"href":"https:\/\/cu4trobikes.es\/index.php\/wp-json\/wp\/v2\/product_tag?post=445"}],"curies":[{"name":"wp","href":"https:\/\/api.w.org\/{rel}","templated":true}]}}