{"id":545,"date":"2025-01-24T19:52:52","date_gmt":"2025-01-24T18:52:52","guid":{"rendered":"https:\/\/cu4trobikes.es\/?post_type=product&#038;p=545"},"modified":"2026-02-20T16:35:57","modified_gmt":"2026-02-20T15:35:57","slug":"roscoe-7","status":"publish","type":"product","link":"https:\/\/cu4trobikes.es\/index.php\/producto\/roscoe-7\/","title":{"rendered":"Trek Roscoe 7"},"content":{"rendered":"<p>La Roscoe 7 es una bicicleta r\u00edgida ideal para aquellos que est\u00e1n listos para arrasar en los senderos. La horquilla con suspensi\u00f3n de 140 mm, las ruedas 29er y la transmisi\u00f3n con una amplia relaci\u00f3n de marchas logran que esta bicicleta sea ideal para los que se inician en el ciclismo y lo suficientemente juguetona para que los m\u00e1s experimentados no dejen de sonre\u00edr.<\/p>\n<p>Una vez enviado el producto no se aceptan cambios ni devoluciones.<\/p>\n","protected":false},"excerpt":{"rendered":"<p>La Roscoe 7 es una bicicleta r\u00edgida ideal para aquellos que est\u00e1n listos para arrasar en los senderos. La horquilla con suspensi\u00f3n de 140 mm, las ruedas 29er y la transmisi\u00f3n con una amplia relaci\u00f3n de marchas logran que esta bicicleta sea ideal para los que se inician en el ciclismo y lo suficientemente juguetona &hellip;<\/p>\n<p class=\"read-more\"> <a class=\"\" href=\"https:\/\/cu4trobikes.es\/index.php\/producto\/roscoe-7\/\"> <span class=\"screen-reader-text\">Trek Roscoe 7<\/span> Leer m\u00e1s &raquo;<\/a><\/p>\n","protected":false},"featured_media":546,"comment_status":"open","ping_status":"closed","template":"","meta":{"_uag_custom_page_level_css":"","site-sidebar-layout":"default","site-content-layout":"","ast-site-content-layout":"default","site-content-style":"default","site-sidebar-style":"default","ast-global-header-display":"","ast-banner-title-visibility":"","ast-main-header-display":"","ast-hfb-above-header-display":"","ast-hfb-below-header-display":"","ast-hfb-mobile-header-display":"","site-post-title":"","ast-breadcrumbs-content":"","ast-featured-img":"","footer-sml-layout":"","theme-transparent-header-meta":"default","adv-header-id-meta":"","stick-header-meta":"","header-above-stick-meta":"","header-main-stick-meta":"","header-below-stick-meta":"","astra-migrate-meta-layouts":"set","ast-page-background-enabled":"default","ast-page-background-meta":{"desktop":{"background-color":"var(--ast-global-color-4)","background-image":"","background-repeat":"repeat","background-position":"center center","background-size":"auto","background-attachment":"scroll","background-type":"","background-media":"","overlay-type":"","overlay-color":"","overlay-gradient":""},"tablet":{"background-color":"","background-image":"","background-repeat":"repeat","background-position":"center center","background-size":"auto","background-attachment":"scroll","background-type":"","background-media":"","overlay-type":"","overlay-color":"","overlay-gradient":""},"mobile":{"background-color":"","background-image":"","background-repeat":"repeat","background-position":"center center","background-size":"auto","background-attachment":"scroll","background-type":"","background-media":"","overlay-type":"","overlay-color":"","overlay-gradient":""}},"ast-content-background-meta":{"desktop":{"background-color":"var(--ast-global-color-5)","background-image":"","background-repeat":"repeat","background-position":"center center","background-size":"auto","background-attachment":"scroll","background-type":"","background-media":"","overlay-type":"","overlay-color":"","overlay-gradient":""},"tablet":{"background-color":"var(--ast-global-color-5)","background-image":"","background-repeat":"repeat","background-position":"center center","background-size":"auto","background-attachment":"scroll","background-type":"","background-media":"","overlay-type":"","overlay-color":"","overlay-gradient":""},"mobile":{"background-color":"var(--ast-global-color-5)","background-image":"","background-repeat":"repeat","background-position":"center center","background-size":"auto","background-attachment":"scroll","background-type":"","background-media":"","overlay-type":"","overlay-color":"","overlay-gradient":""}}},"product_cat":[25],"product_tag":[],"class_list":{"0":"post-545","1":"product","2":"type-product","3":"status-publish","4":"has-post-thumbnail","6":"product_cat-montana","7":"desktop-align-center","8":"tablet-align-left","9":"mobile-align-left","11":"first","12":"instock","13":"sale","14":"shipping-taxable","15":"purchasable","16":"product-type-simple"},"uagb_featured_image_src":{"full":["https:\/\/cu4trobikes.es\/wp-content\/uploads\/2025\/01\/Roscoe7-24-35116-A-Primary.webp",1920,1440,false],"thumbnail":["https:\/\/cu4trobikes.es\/wp-content\/uploads\/2025\/01\/Roscoe7-24-35116-A-Primary-150x150.webp",150,150,true],"medium":["https:\/\/cu4trobikes.es\/wp-content\/uploads\/2025\/01\/Roscoe7-24-35116-A-Primary-300x225.webp",300,225,true],"medium_large":["https:\/\/cu4trobikes.es\/wp-content\/uploads\/2025\/01\/Roscoe7-24-35116-A-Primary-768x576.webp",768,576,true],"large":["https:\/\/cu4trobikes.es\/wp-content\/uploads\/2025\/01\/Roscoe7-24-35116-A-Primary-1024x768.webp",1024,768,true],"1536x1536":["https:\/\/cu4trobikes.es\/wp-content\/uploads\/2025\/01\/Roscoe7-24-35116-A-Primary-1536x1152.webp",1536,1152,true],"2048x2048":["https:\/\/cu4trobikes.es\/wp-content\/uploads\/2025\/01\/Roscoe7-24-35116-A-Primary.webp",1920,1440,false],"woocommerce_thumbnail":["https:\/\/cu4trobikes.es\/wp-content\/uploads\/2025\/01\/Roscoe7-24-35116-A-Primary-300x225.webp",300,225,true],"woocommerce_single":["https:\/\/cu4trobikes.es\/wp-content\/uploads\/2025\/01\/Roscoe7-24-35116-A-Primary-600x450.webp",600,450,true],"woocommerce_gallery_thumbnail":["https:\/\/cu4trobikes.es\/wp-content\/uploads\/2025\/01\/Roscoe7-24-35116-A-Primary-100x100.webp",100,100,true]},"uagb_author_info":{"display_name":"hectordh","author_link":"https:\/\/cu4trobikes.es\/index.php\/author\/"},"uagb_comment_info":0,"uagb_excerpt":"La Roscoe 7 es una bicicleta r\u00edgida ideal para aquellos que est\u00e1n listos para arrasar en los senderos. La horquilla con suspensi\u00f3n de 140 mm, las ruedas 29er y la transmisi\u00f3n con una amplia relaci\u00f3n de marchas logran que esta bicicleta sea ideal para los que se inician en el ciclismo y lo suficientemente juguetona&hellip;","_links":{"self":[{"href":"https:\/\/cu4trobikes.es\/index.php\/wp-json\/wp\/v2\/product\/545","targetHints":{"allow":["GET"]}}],"collection":[{"href":"https:\/\/cu4trobikes.es\/index.php\/wp-json\/wp\/v2\/product"}],"about":[{"href":"https:\/\/cu4trobikes.es\/index.php\/wp-json\/wp\/v2\/types\/product"}],"replies":[{"embeddable":true,"href":"https:\/\/cu4trobikes.es\/index.php\/wp-json\/wp\/v2\/comments?post=545"}],"wp:featuredmedia":[{"embeddable":true,"href":"https:\/\/cu4trobikes.es\/index.php\/wp-json\/wp\/v2\/media\/546"}],"wp:attachment":[{"href":"https:\/\/cu4trobikes.es\/index.php\/wp-json\/wp\/v2\/media?parent=545"}],"wp:term":[{"taxonomy":"product_cat","embeddable":true,"href":"https:\/\/cu4trobikes.es\/index.php\/wp-json\/wp\/v2\/product_cat?post=545"},{"taxonomy":"product_tag","embeddable":true,"href":"https:\/\/cu4trobikes.es\/index.php\/wp-json\/wp\/v2\/product_tag?post=545"}],"curies":[{"name":"wp","href":"https:\/\/api.w.org\/{rel}","templated":true}]}}